{"id":994,"date":"2016-09-05T16:50:00","date_gmt":"2016-09-05T14:50:00","guid":{"rendered":"http:\/\/kita-krambambuli.de\/wordpress\/?page_id=994"},"modified":"2016-09-05T16:56:05","modified_gmt":"2016-09-05T14:56:05","slug":"jungsgruppe","status":"publish","type":"page","link":"https:\/\/kita-krambambuli.de\/wordpress\/?page_id=994","title":{"rendered":"Jungsgruppe"},"content":{"rendered":"<p><a href=\"https:\/\/kita-krambambuli.de\/wordpress\/wp-content\/uploads\/2016\/09\/Jungsgruppe1.jpg\"><img loading=\"lazy\" decoding=\"async\" class=\" wp-image-988 alignleft\" src=\"https:\/\/kita-krambambuli.de\/wordpress\/wp-content\/uploads\/2016\/09\/Jungsgruppe1-300x221.jpg\" alt=\"Jungsgruppe1\" width=\"266\" height=\"196\" srcset=\"https:\/\/kita-krambambuli.de\/wordpress\/wp-content\/uploads\/2016\/09\/Jungsgruppe1-300x221.jpg 300w, https:\/\/kita-krambambuli.de\/wordpress\/wp-content\/uploads\/2016\/09\/Jungsgruppe1.jpg 506w\" sizes=\"auto, (max-width: 266px) 100vw, 266px\" \/><\/a>Immer dienstags treffen sich die Jungs der Kita Krambambuli, welche noch nicht in der Dino- und nicht mehr in der M\u00e4use-Gruppe sind um \u201eJungs-Sachen\u201c zu machen.<\/p>\n<p><a href=\"https:\/\/kita-krambambuli.de\/wordpress\/wp-content\/uploads\/2016\/09\/Jungsgruppe2.jpg\"><img loading=\"lazy\" decoding=\"async\" class=\"wp-image-989 alignright\" src=\"https:\/\/kita-krambambuli.de\/wordpress\/wp-content\/uploads\/2016\/09\/Jungsgruppe2-300x240.jpg\" alt=\"Jungsgruppe2\" width=\"253\" height=\"202\" srcset=\"https:\/\/kita-krambambuli.de\/wordpress\/wp-content\/uploads\/2016\/09\/Jungsgruppe2-300x240.jpg 300w, https:\/\/kita-krambambuli.de\/wordpress\/wp-content\/uploads\/2016\/09\/Jungsgruppe2.jpg 459w\" sizes=\"auto, (max-width: 253px) 100vw, 253px\" \/><\/a><\/p>\n<p>&nbsp;<\/p>\n<p>&nbsp;<\/p>\n<p>Bei guten Wetter:<\/p>\n<p>Martin und Patrick gehen mit der Gruppe auf Spielpl\u00e4tze, klettern auf B\u00e4ume, machen Abenteuer- Spazierg\u00e4nge mit Mutproben am Bach, spielen Fu\u00dfball, bauen Staud\u00e4mme am Bach, gehen Eis essen und vieles mehr\u2026<\/p>\n<p><a href=\"https:\/\/kita-krambambuli.de\/wordpress\/wp-content\/uploads\/2016\/09\/Jungsgruppe3.jpg\"><img loading=\"lazy\" decoding=\"async\" class=\" wp-image-990 alignleft\" src=\"https:\/\/kita-krambambuli.de\/wordpress\/wp-content\/uploads\/2016\/09\/Jungsgruppe3-225x300.jpg\" alt=\"Jungsgruppe3\" width=\"190\" height=\"254\" srcset=\"https:\/\/kita-krambambuli.de\/wordpress\/wp-content\/uploads\/2016\/09\/Jungsgruppe3-225x300.jpg 225w, https:\/\/kita-krambambuli.de\/wordpress\/wp-content\/uploads\/2016\/09\/Jungsgruppe3.jpg 480w\" sizes=\"auto, (max-width: 190px) 100vw, 190px\" \/><\/a><a href=\"https:\/\/kita-krambambuli.de\/wordpress\/wp-content\/uploads\/2016\/09\/Jungsgruppe4.jpg\"><img loading=\"lazy\" decoding=\"async\" class=\"wp-image-991 alignright\" src=\"https:\/\/kita-krambambuli.de\/wordpress\/wp-content\/uploads\/2016\/09\/Jungsgruppe4-300x273.jpg\" alt=\"Jungsgruppe4\" width=\"221\" height=\"201\" srcset=\"https:\/\/kita-krambambuli.de\/wordpress\/wp-content\/uploads\/2016\/09\/Jungsgruppe4-300x273.jpg 300w, https:\/\/kita-krambambuli.de\/wordpress\/wp-content\/uploads\/2016\/09\/Jungsgruppe4.jpg 367w\" sizes=\"auto, (max-width: 221px) 100vw, 221px\" \/><\/a><\/p>\n<p>&nbsp;<\/p>\n<p>&nbsp;<\/p>\n<p>&nbsp;<\/p>\n<p>&nbsp;<\/p>\n<p>&nbsp;<\/p>\n<p>&nbsp;<\/p>\n<p>Bei schlechtem Wetter:<\/p>\n<p>Wenn das Wetter mal nicht so gut ist, spielen wir Spiele oder Kicker im Hort, gehen ins NWZ , legen Verb\u00e4nde, fahren einfach nur eine Runde mit dem Bus, gehen einkaufen, machen geregelte Raufereien\u2026<\/p>\n<p><a href=\"https:\/\/kita-krambambuli.de\/wordpress\/wp-content\/uploads\/2016\/09\/Jungsgruppe5.jpg\"><img loading=\"lazy\" decoding=\"async\" class=\" wp-image-992 alignleft\" src=\"https:\/\/kita-krambambuli.de\/wordpress\/wp-content\/uploads\/2016\/09\/Jungsgruppe5-225x300.jpg\" alt=\"Jungsgruppe5\" width=\"230\" height=\"307\" srcset=\"https:\/\/kita-krambambuli.de\/wordpress\/wp-content\/uploads\/2016\/09\/Jungsgruppe5-225x300.jpg 225w, https:\/\/kita-krambambuli.de\/wordpress\/wp-content\/uploads\/2016\/09\/Jungsgruppe5.jpg 480w\" sizes=\"auto, (max-width: 230px) 100vw, 230px\" \/><\/a><a href=\"https:\/\/kita-krambambuli.de\/wordpress\/wp-content\/uploads\/2016\/09\/Jungsgruppe6.jpg\"><img loading=\"lazy\" decoding=\"async\" class=\" wp-image-993 alignright\" src=\"https:\/\/kita-krambambuli.de\/wordpress\/wp-content\/uploads\/2016\/09\/Jungsgruppe6-225x300.jpg\" alt=\"Jungsgruppe6\" width=\"232\" height=\"310\" srcset=\"https:\/\/kita-krambambuli.de\/wordpress\/wp-content\/uploads\/2016\/09\/Jungsgruppe6-225x300.jpg 225w, https:\/\/kita-krambambuli.de\/wordpress\/wp-content\/uploads\/2016\/09\/Jungsgruppe6.jpg 480w\" sizes=\"auto, (max-width: 232px) 100vw, 232px\" \/><\/a><\/p>\n","protected":false},"excerpt":{"rendered":"<p>Immer dienstags treffen sich die Jungs der Kita Krambambuli, welche noch nicht in der Dino- und nicht mehr in der M\u00e4use-Gruppe sind um \u201eJungs-Sachen\u201c zu machen. &nbsp; &nbsp; Bei guten Wetter: Martin und Patrick gehen mit der Gruppe auf Spielpl\u00e4tze, &hellip; <a href=\"https:\/\/kita-krambambuli.de\/wordpress\/?page_id=994\">Weiterlesen <span class=\"meta-nav\">&rarr;<\/span><\/a><\/p>\n","protected":false},"author":1,"featured_media":0,"parent":0,"menu_order":0,"comment_status":"closed","ping_status":"closed","template":"","meta":{"_mc_calendar":[],"footnotes":""},"class_list":["post-994","page","type-page","status-publish","hentry"],"_links":{"self":[{"href":"https:\/\/kita-krambambuli.de\/wordpress\/index.php?rest_route=\/wp\/v2\/pages\/994","targetHints":{"allow":["GET"]}}],"collection":[{"href":"https:\/\/kita-krambambuli.de\/wordpress\/index.php?rest_route=\/wp\/v2\/pages"}],"about":[{"href":"https:\/\/kita-krambambuli.de\/wordpress\/index.php?rest_route=\/wp\/v2\/types\/page"}],"author":[{"embeddable":true,"href":"https:\/\/kita-krambambuli.de\/wordpress\/index.php?rest_route=\/wp\/v2\/users\/1"}],"replies":[{"embeddable":true,"href":"https:\/\/kita-krambambuli.de\/wordpress\/index.php?rest_route=%2Fwp%2Fv2%2Fcomments&post=994"}],"version-history":[{"count":7,"href":"https:\/\/kita-krambambuli.de\/wordpress\/index.php?rest_route=\/wp\/v2\/pages\/994\/revisions"}],"predecessor-version":[{"id":1004,"href":"https:\/\/kita-krambambuli.de\/wordpress\/index.php?rest_route=\/wp\/v2\/pages\/994\/revisions\/1004"}],"wp:attachment":[{"href":"https:\/\/kita-krambambuli.de\/wordpress\/index.php?rest_route=%2Fwp%2Fv2%2Fmedia&parent=994"}],"curies":[{"name":"wp","href":"https:\/\/api.w.org\/{rel}","templated":true}]}}