{"id":98,"date":"2013-03-07T22:45:16","date_gmt":"2013-03-07T20:45:16","guid":{"rendered":"http:\/\/www.kita-krambambuli.de\/wordpress\/?page_id=98"},"modified":"2020-01-28T12:00:49","modified_gmt":"2020-01-28T10:00:49","slug":"zusammenarbeit-mit-der-gemeinde-2","status":"publish","type":"page","link":"https:\/\/kita-krambambuli.de\/wordpress\/?page_id=98","title":{"rendered":"Evangelische Miriamgemeinde Frankfurt"},"content":{"rendered":"<p><a title=\"Miriamgemeinde\" href=\"http:\/\/miriamgemeinde.de\/\" target=\"_blank\" rel=\"noopener noreferrer\">Miriamgemeinde Frankfurt<\/a><\/p>\n<p><strong>Familiengottesdienste<\/strong><\/p>\n<p>Zu den Familiengottesdiensten sind alle Kinder und Familien und Freunde unserer Kindertagesst\u00e4tte herzlich eingeladen. Gemeinsam mit der Ev. Gemeinde in Kalbach feiern wir die Gottesdienste, die wir als Team gemeinsam mit unserer Pfarrerin Antje von Kalckreuth und dem Vorbereitungssauschuss vorbereiten. Das Team sucht dann passend zum Thema Lieder, Musik, T\u00e4nze und entsprechende Darstellungen aus, die dann von den Kindern vorgetragen werden.<\/p>\n<p>Allen Kindern macht das Vorbereiten und auch das Durchf\u00fchren viel Spa\u00df, die Konfession spielt dabei keine Rolle. Dabei sind auch besonders die Kinder gefragt. Mit tollen Ideen bringen sie sich gerne ein und stellen diese dann selbst im Gottesdienst dar.<\/p>\n<p>F\u00fcr alle Beteiligten, f\u00fcr die Eltern und die Kinder und auch f\u00fcr die Gemeinde ist es jedes Mal ein sch\u00f6nes Erlebnis.<\/p>\n","protected":false},"excerpt":{"rendered":"<p>Miriamgemeinde Frankfurt Familiengottesdienste Zu den Familiengottesdiensten sind alle Kinder und Familien und Freunde unserer Kindertagesst\u00e4tte herzlich eingeladen. Gemeinsam mit der Ev. Gemeinde in Kalbach feiern wir die Gottesdienste, die wir als Team gemeinsam mit unserer Pfarrerin Antje von Kalckreuth und &hellip; <a href=\"https:\/\/kita-krambambuli.de\/wordpress\/?page_id=98\">Weiterlesen <span class=\"meta-nav\">&rarr;<\/span><\/a><\/p>\n","protected":false},"author":1,"featured_media":0,"parent":0,"menu_order":0,"comment_status":"closed","ping_status":"closed","template":"","meta":{"_mc_calendar":[],"footnotes":""},"class_list":["post-98","page","type-page","status-publish","hentry"],"_links":{"self":[{"href":"https:\/\/kita-krambambuli.de\/wordpress\/index.php?rest_route=\/wp\/v2\/pages\/98","targetHints":{"allow":["GET"]}}],"collection":[{"href":"https:\/\/kita-krambambuli.de\/wordpress\/index.php?rest_route=\/wp\/v2\/pages"}],"about":[{"href":"https:\/\/kita-krambambuli.de\/wordpress\/index.php?rest_route=\/wp\/v2\/types\/page"}],"author":[{"embeddable":true,"href":"https:\/\/kita-krambambuli.de\/wordpress\/index.php?rest_route=\/wp\/v2\/users\/1"}],"replies":[{"embeddable":true,"href":"https:\/\/kita-krambambuli.de\/wordpress\/index.php?rest_route=%2Fwp%2Fv2%2Fcomments&post=98"}],"version-history":[{"count":3,"href":"https:\/\/kita-krambambuli.de\/wordpress\/index.php?rest_route=\/wp\/v2\/pages\/98\/revisions"}],"predecessor-version":[{"id":1470,"href":"https:\/\/kita-krambambuli.de\/wordpress\/index.php?rest_route=\/wp\/v2\/pages\/98\/revisions\/1470"}],"wp:attachment":[{"href":"https:\/\/kita-krambambuli.de\/wordpress\/index.php?rest_route=%2Fwp%2Fv2%2Fmedia&parent=98"}],"curies":[{"name":"wp","href":"https:\/\/api.w.org\/{rel}","templated":true}]}}