{"id":153,"date":"2013-03-09T15:01:42","date_gmt":"2013-03-09T13:01:42","guid":{"rendered":"http:\/\/www.kita-krambambuli.de\/wordpress\/?page_id=153"},"modified":"2016-04-08T10:44:07","modified_gmt":"2016-04-08T08:44:07","slug":"essen-und-trinken","status":"publish","type":"page","link":"https:\/\/kita-krambambuli.de\/wordpress\/?page_id=153","title":{"rendered":"Essen und Trinken"},"content":{"rendered":"<p>Essen und Trinken in der Kita <a href=\"https:\/\/kita-krambambuli.de\/wordpress\/wp-content\/uploads\/2016\/03\/Krambambuli.png\" rel=\"attachment wp-att-849\"><img loading=\"lazy\" decoding=\"async\" class=\"alignnone wp-image-849\" src=\"https:\/\/kita-krambambuli.de\/wordpress\/wp-content\/uploads\/2016\/03\/Krambambuli.png\" alt=\"Krambambuli\" width=\"99\" height=\"18\" \/><\/a><\/p>\n<p>Das Fr\u00fchst\u00fcck, das Mittagessen und der Nachmittagssnack f\u00fcr <span style=\"color: #008000;\"><strong>die Krippenkinder<\/strong><\/span> werden bei uns im Haus durch eine K\u00f6chin und zwei hauswirtschaftliche Fachkr\u00e4fte t\u00e4glich frisch in der hauseigenen hoch modernen K\u00fcche nach den Bestimmungen f\u00fcr eine Kindertagesst\u00e4tte zubereitet. Der Speiseplan ist abwechslungsreich, international, ausgewogen und auf den Geschmack der Kinder abgestimmt. \u00d6fters ist auch mal ein Nachtisch dabei. Zum Essen trinken die Kinder je nach Jahreszeit Tee oder Wasser. Getr\u00e4nke werden f\u00fcr alle Kinder immer bereitgestellt und an sogenannten Trinkstationen angeboten. Ebenso motivieren die ErzieherInnen die Kinder, ausreichend zu trinken.<\/p>\n<p>Auch <span style=\"color: #ff0000;\"><strong>die Kita- Kinder<\/strong><\/span> freuen sich immer auf das frisch zubereitete\u00a0 Mittagessen um 12:30 Uhr und das gemeinsame Fr\u00fchst\u00fcck am Mittwochvormittag so gegen 9:30 Uhr. Der Nachmittagssnack wird im Sommer gerne auch mal auf der Picknickdecke im Garten eingenommen und findet gegen 15:00 Uhr in zwei Gruppen statt.<\/p>\n<p>F\u00fcr <span style=\"color: #0000ff;\"><strong>die Hortkinder<\/strong><\/span> gibt es mehrere Essenszeiten, die sich durch den Unterricht der Einzelnen ergeben. So bekommen auch die Hortkinder noch ein frisch zubereitetes Mittagessen. Wenn die letzten Kinder essen, f\u00e4ngt das Team in der K\u00fcche bereits wieder an, die Snackmahlzeit zuzubereiten und die Teewagen zu best\u00fccken. Die Hortkinder haben dann die M\u00f6glichkeit, sich je nach Bedarf an der Snackpause zu beteiligen.<\/p>\n<p>Wir achten auf eine gesunde Ern\u00e4hrung, so gibt es nicht t\u00e4glich Kuchen oder Kekse, sondern h\u00e4ufig auch Obst, M\u00fcsli, Brot oder andere Leckereien. Wir werden von den beiden ortsans\u00e4ssigen B\u00e4ckern, dem Metzger und aus dem Frischezentrum Kalbach beliefert und bieten daher auch ein qualitativ hochwertiges Essen f\u00fcr alle Kinder.<br \/>\nDie Kinder beteiligen sich aktiv an der Essensversorgung: Mit Begeisterung decken sie den Tisch, holen das Essen aus der K\u00fcche, nehmen sich selber auf den Teller und r\u00e4umen ab. So lernen sie, ihre F\u00e4higkeiten weiterzuentwickeln und identifizieren sich auch bei den Mahlzeiten mit den Abl\u00e4ufen in der Kita, ebenso wie es auch in der Familie erfolgt.<br \/>\nApropos Rituale: bei uns beginnt das Mittagessen mit einem Tischspruch, um das gemeinsame Essen einzul\u00e4uten und findet in festen Essgruppen statt.<br \/>\nSelbstverst\u00e4ndlich erhalten Kinder, die aufgrund einer Erkrankung oder aus religi\u00f6sen Gr\u00fcnden eine besondere Ern\u00e4hrung einhalten m\u00fcssen das f\u00fcr sie geeignete Essen.<\/p>\n<p>Der Speise<a href=\"https:\/\/kita-krambambuli.de\/wordpress\/wp-content\/uploads\/2016\/03\/Speiseplan-e1459421430441.jpg\" rel=\"attachment wp-att-852\"><img loading=\"lazy\" decoding=\"async\" class=\" wp-image-852 alignleft\" src=\"https:\/\/kita-krambambuli.de\/wordpress\/wp-content\/uploads\/2016\/03\/Speiseplan-e1459421430441-225x300.jpg\" alt=\"Speiseplan\" width=\"142\" height=\"189\" srcset=\"https:\/\/kita-krambambuli.de\/wordpress\/wp-content\/uploads\/2016\/03\/Speiseplan-e1459421430441-225x300.jpg 225w, https:\/\/kita-krambambuli.de\/wordpress\/wp-content\/uploads\/2016\/03\/Speiseplan-e1459421430441.jpg 467w\" sizes=\"auto, (max-width: 142px) 100vw, 142px\" \/><\/a>plan h\u00e4ngt im Flurbereich der Kita aus, sodass jeder sich informieren kann, was es jeweils zum Essen gibt.<\/p>\n<p>&nbsp;<\/p>\n","protected":false},"excerpt":{"rendered":"<p>Essen und Trinken in der Kita Das Fr\u00fchst\u00fcck, das Mittagessen und der Nachmittagssnack f\u00fcr die Krippenkinder werden bei uns im Haus durch eine K\u00f6chin und zwei hauswirtschaftliche Fachkr\u00e4fte t\u00e4glich frisch in der hauseigenen hoch modernen K\u00fcche nach den Bestimmungen f\u00fcr &hellip; <a href=\"https:\/\/kita-krambambuli.de\/wordpress\/?page_id=153\">Weiterlesen <span class=\"meta-nav\">&rarr;<\/span><\/a><\/p>\n","protected":false},"author":1,"featured_media":0,"parent":86,"menu_order":0,"comment_status":"closed","ping_status":"closed","template":"","meta":{"_mc_calendar":[],"footnotes":""},"class_list":["post-153","page","type-page","status-publish","hentry"],"_links":{"self":[{"href":"https:\/\/kita-krambambuli.de\/wordpress\/index.php?rest_route=\/wp\/v2\/pages\/153","targetHints":{"allow":["GET"]}}],"collection":[{"href":"https:\/\/kita-krambambuli.de\/wordpress\/index.php?rest_route=\/wp\/v2\/pages"}],"about":[{"href":"https:\/\/kita-krambambuli.de\/wordpress\/index.php?rest_route=\/wp\/v2\/types\/page"}],"author":[{"embeddable":true,"href":"https:\/\/kita-krambambuli.de\/wordpress\/index.php?rest_route=\/wp\/v2\/users\/1"}],"replies":[{"embeddable":true,"href":"https:\/\/kita-krambambuli.de\/wordpress\/index.php?rest_route=%2Fwp%2Fv2%2Fcomments&post=153"}],"version-history":[{"count":6,"href":"https:\/\/kita-krambambuli.de\/wordpress\/index.php?rest_route=\/wp\/v2\/pages\/153\/revisions"}],"predecessor-version":[{"id":954,"href":"https:\/\/kita-krambambuli.de\/wordpress\/index.php?rest_route=\/wp\/v2\/pages\/153\/revisions\/954"}],"up":[{"embeddable":true,"href":"https:\/\/kita-krambambuli.de\/wordpress\/index.php?rest_route=\/wp\/v2\/pages\/86"}],"wp:attachment":[{"href":"https:\/\/kita-krambambuli.de\/wordpress\/index.php?rest_route=%2Fwp%2Fv2%2Fmedia&parent=153"}],"curies":[{"name":"wp","href":"https:\/\/api.w.org\/{rel}","templated":true}]}}