{"id":1199,"date":"2017-04-12T10:19:05","date_gmt":"2017-04-12T08:19:05","guid":{"rendered":"http:\/\/kita-krambambuli.de\/wordpress\/?page_id=1199"},"modified":"2017-04-12T10:19:37","modified_gmt":"2017-04-12T08:19:37","slug":"paedagogische-haltung-in-anlehnung-an-pikler","status":"publish","type":"page","link":"https:\/\/kita-krambambuli.de\/wordpress\/?page_id=1199","title":{"rendered":"P\u00e4dagogische Haltung in Anlehnung an Pikler"},"content":{"rendered":"<p><b>\u201e<\/b><b><i>Jedes Kind braucht seinen F\u00e4higkeiten entsprechend angemessen <img loading=\"lazy\" decoding=\"async\" class=\"alignleft\" src=\"https:\/\/kita-krambambuli.de\/wordpress\/wp-content\/uploads\/2017\/04\/Sonnenblume-300x300.jpg\" width=\"31\" height=\"31\" \/>Raum, allerdings immer gro\u00df genug, den n\u00e4chsten <\/i><\/b><b><i>Entwicklungs- schritt zuzulassen\u201c<\/i><\/b><\/p>\n<p><b><img loading=\"lazy\" decoding=\"async\" class=\"alignleft\" src=\"https:\/\/kita-krambambuli.de\/wordpress\/wp-content\/uploads\/2017\/04\/Sonnenblume-300x300.jpg\" width=\"31\" height=\"31\" \/><\/b>In unserer p\u00e4dagogischen Arbeit vereinen wir Aspekte der <b>Pikler<\/b><b>&#8211; P\u00e4dagogik<\/b> und des Situationsansatzes.<\/p>\n<p><b><img loading=\"lazy\" decoding=\"async\" class=\"alignleft\" src=\"https:\/\/kita-krambambuli.de\/wordpress\/wp-content\/uploads\/2017\/04\/Sonnenblume-300x300.jpg\" width=\"31\" height=\"31\" \/><\/b>Dabei steht die wertsch\u00e4tzende Haltung dem Kind gegen\u00fcber im Vordergrund.<\/p>\n","protected":false},"excerpt":{"rendered":"<p>\u201eJedes Kind braucht seinen F\u00e4higkeiten entsprechend angemessen Raum, allerdings immer gro\u00df genug, den n\u00e4chsten Entwicklungs- schritt zuzulassen\u201c In unserer p\u00e4dagogischen Arbeit vereinen wir Aspekte der Pikler&#8211; P\u00e4dagogik und des Situationsansatzes. Dabei steht die wertsch\u00e4tzende Haltung dem Kind gegen\u00fcber im Vordergrund.<\/p>\n","protected":false},"author":1,"featured_media":0,"parent":0,"menu_order":0,"comment_status":"closed","ping_status":"closed","template":"","meta":{"_mc_calendar":[],"footnotes":""},"class_list":["post-1199","page","type-page","status-publish","hentry"],"_links":{"self":[{"href":"https:\/\/kita-krambambuli.de\/wordpress\/index.php?rest_route=\/wp\/v2\/pages\/1199","targetHints":{"allow":["GET"]}}],"collection":[{"href":"https:\/\/kita-krambambuli.de\/wordpress\/index.php?rest_route=\/wp\/v2\/pages"}],"about":[{"href":"https:\/\/kita-krambambuli.de\/wordpress\/index.php?rest_route=\/wp\/v2\/types\/page"}],"author":[{"embeddable":true,"href":"https:\/\/kita-krambambuli.de\/wordpress\/index.php?rest_route=\/wp\/v2\/users\/1"}],"replies":[{"embeddable":true,"href":"https:\/\/kita-krambambuli.de\/wordpress\/index.php?rest_route=%2Fwp%2Fv2%2Fcomments&post=1199"}],"version-history":[{"count":2,"href":"https:\/\/kita-krambambuli.de\/wordpress\/index.php?rest_route=\/wp\/v2\/pages\/1199\/revisions"}],"predecessor-version":[{"id":1201,"href":"https:\/\/kita-krambambuli.de\/wordpress\/index.php?rest_route=\/wp\/v2\/pages\/1199\/revisions\/1201"}],"wp:attachment":[{"href":"https:\/\/kita-krambambuli.de\/wordpress\/index.php?rest_route=%2Fwp%2Fv2%2Fmedia&parent=1199"}],"curies":[{"name":"wp","href":"https:\/\/api.w.org\/{rel}","templated":true}]}}